f. What is z(w)?
8
Let w(d) = 24*d - 15*d - 3 - 5*d. Let p be w(2). Let y(c) = -2*c**2 + c + c - 6 - 3*c**2 + c**3. Calculate y(p).
4
Let d(i) = 0*i**2 + 17*i - 10*i + i**2 - 18. Let h be d(-9). Let c(g) = g + g**3 - 6 - 2 + 4 + 0 - g**2. Calculate c(h).
-4
Let y(v) = -2*v**3 - v**2 + 4*v - 12. Let q(k) = -k**3 + 2*k - 6. Let i(o) = -7*q(o) + 4*y(o). Suppose 5*m + 3*u = -13, -4*m + 2*u = m + 33. Give i(m).
9
Let u(g) be the first derivative of 0*g**2 + 7*g + 1/4*g**4 + 3*g**3 + 18. Determine u(-9).
7
Let t(n) = 2*n - 4*n + 0*n. Suppose -9*q - 9 = -12*q. Suppose q*u - 7*u - 12 = 0. Determine t(u).
6
Let h(m) = 4*m**3 + 6*m**2 - 3*m - 4. Let i(j) = j**3 - j**2 + j + 1. Let c(x) = -h(x) - 4*i(x). Suppose -4*q + 4 = -3*q. Suppose -q*d = 4 - 0. What is c(d)?
7
Let l(d) = 5*d**3 + 7*d**2 + 5*d - 12. Let f(a) = 13 - 7*a**2 - 4*a**3 + 55*a - 2*a**3 - 60*a. Let i(z) = -4*f(z) - 5*l(z). Determine i(-6).
2
Let a(c) = -89*c - 359. Let z be a(-4). Let m(r) = -1 + 4*r - r + 3*r. Give m(z).
-19
Let y be 0/(((-4)/(-5))/(2/(-5))). Let i(x) = y + 2*x - 7*x + x**2 + 1 + 3. What is i(4)?
0
Let n(q) = 2*q**2 + q + 1. Let i = -25 - -30. Let b(l) = 3*l - 7. Let y be b(i). Suppose -8*p + 4*p = y. Determine n(p).
7
Let k(y) = -3*y - 11. Let d = 1343 + -1346. Calculate k(d).
-2
Let w = -4836 + 4830. Let s(c) be the first derivative of -c**4/4 - 2*c**3 - c**2/2 - 7*c + 2. What is s(w)?
-1
Let s be 10*((-5)/2)/5. Let c(g) = -g - 1. Let t be c(s). Let v(z) = 5 - 4*z**3 + 3*z**2 - 2*z**3 + 2*z + 5*z**3. Give v(t).
-3
Let a(d) = 6 + 817*d**3 - 4*d + 6*d + d**2 - 6 - 818*d**3. What is a(-2)?
8
Suppose -2*t + 5 = -2*r - 1, -4*t = 3*r - 26. Let a(w) = -w**3 + 3*w**2 + 2. Let k be a(3). Let o(b) = -9*b**3 - r*b - b**2 + b + b**3 - b**k. Calculate o(-1).
7
Let d(s) = 4 + 3*s**2 + 0 - 28*s + 23*s. What is d(3)?
16
Suppose 1 = -p + 10. Let q(x) = -3 - 7*x + 10 + p*x - 3*x. Calculate q(9).
-2
Let n(g) = -3*g - 6. Let q be (-84)/24*8/4. Determine n(q).
15
Let g = -17 + 12. Let s(x) = -x**2 + 6*x - 3. Let o be s(4). Let f(t) = o*t + 11 - 1 + 2*t - 3 + t**2. Determine f(g).
-3
Let w(f) = 2*f + 1. Suppose -4*t - 3*y = 28, 37*y + 8 = t + 34*y. Determine w(t).
-7
Let q(k) = 0 + 0 - 1. Let d(c) = 2*c - 3. Let r(z) = -z**2 - 17*z - 17. Let o be r(-1). Let m(p) = o*d(p) + 6*q(p). What is m(4)?
-11
Let m(p) = -p**2 - 6*p - 9. Suppose -11*x - 13 = 42. Determine m(x).
-4
Let c(h) be the second derivative of -h**5/10 + 9*h**4/4 + 8*h**3/3 - 27*h**2/2 + 550*h. Give c(14).
1
Suppose -h - 82*r + 2 = -80*r, -5*h = -3*r + 55. Let a(p) = -p**3 - 8*p**2 + 2*p + 12. Determine a(h).
-4
Let r(b) = -b**2 + 5 - 8 - 13*b - 21. Let y be r(-11). Let m(v) = 2*v**2. What is m(y)?
8
Suppose 200*f - 170 = 190*f. Let m(r) = -r**2 + 16*r + 14. Determine m(f).
-3
Let g(w) = -w + 7. Let j be g(4). Let s = j - 3. Let l(m) be the second derivative of m**4/12 + m**3/6 - 3*m**2/2 - 5*m - 2. Calculate l(s).
-3
Let u(f) be the first derivative of f**4/4 + 2*f**3 + 5*f**2/2 - 4*f - 1. Let d = -2078 - -2074. Determine u(d).
8
Suppose 0 = -5*f + 14 + 1. Let d(s) = -3 - s**f - s**2 - 23*s + 20*s - s**2. Determine d(-2).
3
Let t(o) be the third derivative of -o**7/2520 - o**5/120 + o**4/6 + o**2. Let c(x) be the second derivative of t(x). Calculate c(1).
-2
Let h(n) = -4*n - 22. Let l(a) = 2*a + 11. Let c(j) = -2*h(j) - 5*l(j). What is c(-11)?
11
Let a(h) = h**3 - 4*h**2 + 2*h + 2. Let s(x) = x**2 - 8*x + 9. Let n be s(7). Suppose v + 2 = n*v. Give a(v).
-2
Let z(q) be the third derivative of q**6/120 - q**5/20 - q**4/8 + q**3/3 + 69*q**2 - q. Determine z(4).
6
Let i(t) = -4*t - 2. Suppose 3*n = v + 7*n + 3, 4*v - 2*n = 24. What is i(v)?
-22
Let b(q) = -62675 + q - 7*q**3 + 62675. Give b(1).
-6
Let w = 162 - 102. Let l = w + -56. Let f(r) = 2*r + 3. Determine f(l).
11
Let i(n) = 33*n**2 + 11*n + 42. Let a(g) = -22*g**2 - 7*g - 28. Let h(z) = -8*a(z) - 5*i(z). Let v(f) be the first derivative of h(f). Determine v(1).
23
Let h be 2 - (-20)/(-9) - 70/9. Let f(u) = -u**2 - 12*u - 20. Determine f(h).
12
Let j be (24/6 - 0) + 3 + -5. Let y(v) be the third derivative of -v**5/60 + v**4/24 + v**3/3 + 5*v**2. Determine y(j).
0
Let j(z) = 3*z + 64. Let s = -1223 + 1204. Calculate j(s).
7
Let q(t) = t**3 + 7*t**2 + 8*t - 2. Let u = 410 - 416. Determine q(u).
-14
Let m(z) be the second derivative of -3*z + 0 + 1/3*z**3 + 0*z**2. Let b = -1 - 5. What is m(b)?
-12
Let v(y) be the second derivative of -y**5/20 + 7*y**4/6 - 2*y**2 - 5*y + 3. Calculate v(14).
-4
Let h(c) = 2*c**2 + 1. Let v(q) = q**3 + 20*q**2 - 13*q + 18. Let f(l) = -4*h(l) + v(l). What is f(-13)?
14
Let n(f) = -3*f - 18. Let l(q) = 4. Let b(v) = 5*l(v) + n(v). What is b(-5)?
17
Let a(r) = r**2 - 8*r + 6. Let f = -91 - -157. Let p = 74 - f. Determine a(p).
6
Let y(s) = -s**2 - 11*s - 2. Let v(z) = -z**3 - 19*z**2 - 15*z + 43. Let q be v(-18). Let d be y(q). Let m(c) = -c**3 + c**2 + 3*c + 2. Calculate m(d).
8
Let k(p) be the second derivative of p**3/6 - 3*p**2 - 89*p + 2. Calculate k(7).
1
Let u(w) = -w**3 - 2*w + 4*w**2 - 11*w**2 + 6*w**2 + 0*w**3 + 1. Give u(-2).
9
Suppose 0*j + 3*j + 15 = 0. Let d(a) = 2*a + 47. Let m(h) = -4*h - 104. Let t(q) = 9*d(q) + 4*m(q). Give t(j).
-3
Let o(w) = -w**3 - w**2 + w + 12. Let y be ((-2 + 2)/4)/1. Suppose y*u = u. What is o(u)?
12
Let q = -6 - -11. Suppose -3*g = q*r - 0*r - 30, 0 = -3*g + 15. Let w(p) = -1 + 4*p**2 + 3 - p**r + 0*p + 2*p - 4*p. Give w(3).
5
Let y(w) = -w**3 - 10*w**2 - 10*w + 1. Let k(o) = -o**2 + 102*o + 199. Let f be k(-2). What is y(f)?
10
Suppose 2*v + 8 = -l, -11 = 4*v - 4*l + 5. Let z(q) = 4*q + 0*q**2 + 161 - q - 156 - 4*q**2 + 5*q**2. Calculate z(v).
9
Let b(d) = 7*d**2 + 22*d + 9. Let q(w) = -16*w**2 - 47*w - 17. Let v(j) = -7*b(j) - 3*q(j). Determine v(-12).
0
Let w(c) = 11*c - 15. Let z(a) = 4*a - 5. Let g(o) = 3*w(o) - 8*z(o). Let m(b) = b + 5. Let t = 10 - 19. Let p be m(t). Calculate g(p).
-9
Let i(l) = 180 - 74 - 61 - 60 - 2*l. What is i(-5)?
-5
Suppose 3*f = 17 + 1. Let j be 27/18 + 342/4. Let p(d) = j + 2*d - d - 86. Give p(f).
7
Let r(s) = s**2 - 3*s - 9. Let o be -5*(-5)/25*7. Give r(o).
19
Let l(v) = 11*v**3 - v**2 + v. Suppose -2*j + 17 = 3*h, -2*j = -h - 0 + 3. Determine l(j).
11
Let n(y) be the third derivative of y**5/60 + y**4/4 + y**3 + 70*y**2 - 2*y. Suppose 2 = -k - 3. Calculate n(k).
1
Let m(a) = 11*a**2 + 8*a + 11. Let q(g) = 30*g**2 + 23*g + 32. Let w(o) = -11*m(o) + 4*q(o). What is w(-5)?
-38
Let m(j) = -j**2 + 16*j - 63. Let d be m(7). Let z(b) = -b**3 + 2*b - 2 - b - b. Calculate z(d).
-2
Let m(u) = 7*u**2 - 3*u + 9. Suppose -2*a = -2*o + 4, -4*o - 3 = 9. Let p(r) = -4*r**2 + 2*r - 5. Let c(b) = a*p(b) - 3*m(b). What is c(-2)?
-4
Let y = 36 - 18. Let g(j) = j**2 - 5*j + 2. Let o be g(3). Let d be (56/(-126))/(o/y). Let r(t) = -t**3 + t**2 + 3*t - 2. Calculate r(d).
0
Let z(t) = 3 + 6 + t**2 - 8*t - 5. Suppose 0 = 2*g, 2*f - 4*f - 5*g = -10. Suppose -3*r + 2 = f, 0 = k + 5*r. Give z(k).
-11
Suppose 0*q = 11*q + 13*q. Let a(o) = o - 10 + 3*o**3 - 3*o**3 + o**2 + o**3. Give a(q).
-10
Let c(w) = w**2 + 8*w + 6. Let g = 104 + -112. Determine c(g).
6
Let q(d) = 1395 - 468 - 4*d - 2*d**2 - 469 - 2*d**3 - 460. Suppose -4*a + 2 = -2*a - 2*z, 3*a + 5*z + 21 = 0. What is q(a)?
14
Let q(w) = 3*w**2 - 2*w**3 + w + 0 + 2 + 0*w**2 + 3*w**3. Suppose 2 = -4*t + 3*b - 16, 3*t - 3*b = -15. Give q(t).
-1
Let d(j) = j**3 - j**2 - 3 + 0 - 2*j**2 + 2*j. Let w(p) = p**2 + 125*p - 382. Let t be w(3). Give d(t).
-3
Suppose -2*u - 4*g - 16 = 0, 5*g + 20 = -0*u + 5*u. Let l(z) = 0*z + 4 - z + u*z. Determine l(0).
4
Let n(a) = -a - 2. Let s(g) = 2*g**2 + 9*g - 10. Let d be s(-7). Let z = d + -23. Determine n(z).
-4
Let r(m) = -10*m - 1. Let q(d) = 3*d - 2*d - 10 - 5*d + 3*d. Let u be q(-9). Determine r(u).
9
Let r(l) be the first derivative of -1/2*l**3 + 3 + 1/4*l**4 - 2*l**2 - 1/60*l**5 + 0*l. Let v(s) be the second derivative of r(s). Give v(2).
5
Suppose 553 - 504 = -7*j. Let b(i) = -2*i - 10. Calculate b(j).
4
Let l = 48 + -45. Let m(z) = -8*z - 60*z**3 + 1 + 61*z**l + 5*z**2 - 5. Determine m(-6).
8
Let f(s) be the second derivative of -7*s + 0 + 0*s**3 + 0*s**2 - 1/12*s**4 - 2/5*s**5. What is f(-1)?
7
Let o(x) = -5*x - 9. Suppose 2*w - 10 = -3*w. Let a(u) = u - u - w*u + u. Let h(k) = -3*a(k) + o(k). De